w = -1219, -309 = 2*u - 2*w + 181. Let i = u - -335. List the prime factors of i.
7, 13
Suppose 0 = 25*i + 99*i + 491873 - 1274189. What are the prime factors of i?
3, 701
Let c = -377 + 514. What are the prime factors of c + (-9)/((-12)/4)?
2, 5, 7
Let d(x) = 5*x + 497. Let w(a) = -2*a - 249. Let b(h) = -3*d(h) - 7*w(h). Let p be b(0). Suppose -j = -5*j + p. List the prime factors of j.
3, 7
Suppose 0*j + 4*g - 30 = -j, -4*g = 0. Let x be (-10)/j - 31/(-3). List the prime factors of ((-2824)/(-20) - -2) + 8/x.
2, 3
What are the prime factors of ((-68622)/10)/((-50)/125) + (-14)/28?
5, 47, 73
Let x = 26429 - 18746. What are the prime factors of x?
3, 13, 197
Let x(w) = w**2 + 3*w + 450. Let k be x(0). Let j = -232 + k. List the prime factors of j.
2, 109
Suppose -3*s = -19 - 2. Suppose 0 = -s*w + 5*w + 26. Suppose 4*q = 5*v + 47, w = q + 4*v - 25. What are the prime factors of q?
2, 3
Let v be 3*(5 - 4) - 1. Suppose -u - 431 = -2*p, p - 644 = -v*p + 2*u. Suppose 4*c = 4*i + 944, -p = -3*c - i + 482. What are the prime factors of c?
2, 3, 13
Suppose -21 + 201 = 18*z. Suppose z*n = 19*n - 2628. List the prime factors of n.
2, 73
Let o be (-6)/(-8) + (-3)/(-24)*90. Suppose 90 = 3*p - o*p. Let k(v) = -4*v + 1. List the prime factors of k(p).
41
Suppose 5*s + 12*l - 7552 = 13*l, 4*l = -4*s + 6056. Suppose -s - 1387 = -14*a. What are the prime factors of a?
3, 23
Let v(p) = p**3 + 58*p**2 + 122*p + 8. What are the prime factors of v(-42)?
2, 53, 109
Let p(f) = -669*f - 162. Suppose -17 = 4*r - x, 0 + 11 = 3*r + 4*x. What are the prime factors of p(r)?
3, 5, 41
Let k(c) be the first derivative of -14*c**3/3 + 7*c**2/2 - 2*c - 22. Let l be k(2). What are the prime factors of (-66)/l + 366/4?
3, 31
Suppose -3*u = 2*u - 15, -2*u = -3*s. Suppose s*m + 17 + 23 = 4*r, -3*m = -4*r + 38. Suppose 2*g - r + 1 = 0. What are the prime factors of g?
5
Let a be (2/(-3))/((-91)/(-105) + -1). Suppose 0 = 11*c - 14*c + 15. Suppose -2260 = -c*m - a*m. List the prime factors of m.
2, 113
Let t(f) = -6*f**2 + 4*f + 2. Let y be ((-32)/(-40))/((-4)/10). Let x be t(y). Let s = 104 + x. List the prime factors of s.
2, 37
Let z(s) = s**2 - 3. Let v be z(-3). Suppose 0 = v*x - 2 - 16. Let y(n) = 46*n + 2. What are the prime factors of y(x)?
2, 5, 7
Suppose -2*y - 3127 = 5*t, -5*y = -3*t - 3067 + 1166. Let q = -61 - t. What are the prime factors of q?
2, 283
Suppose 0 = -3*t - 3*y + 243, 0 = 3*t - 4*y + 3*y - 239. Suppose 5*j - t = -5*p, 3*p + 12 = -14*j + 15*j. What are the prime factors of j?
3, 5
Let q(z) = 264*z**2 + 81*z - 39. What are the prime factors of q(9)?
2, 3, 13, 283
Let g(x) = -4731*x - 278. What are the prime factors of g(-1)?
61, 73
Let g(u) = 2*u**2 + 22*u - 81. Let r be g(-14). Suppose -5*j + 612 = 3*y - 101, -279 = -2*j + 5*y. Suppose -a + r*a = j. List the prime factors of a.
71
Suppose -87701 - 86699 = -8*j. What are the prime factors of j?
2, 5, 109
Let w be (5 - (-231)/(-44))/((-2)/5496). Suppose -w = -5*v + 2603. List the prime factors of v.
2, 7, 47
Let v(x) = -x**3 - 13*x**2 - 43*x - 11. Let z be v(-10). Suppose -z = 5*i - 1359. List the prime factors of i.
2, 31
Suppose 4*o + 2*o - 708 = 0. Let p = 347 - 77. Let w = p - o. What are the prime factors of w?
2, 19
Suppose 4*v - 86 = -46. Let x(s) = -35 - 13 + 25 - v*s. List the prime factors of x(-10).
7, 11
Let o = 33391 - 14661. List the prime factors of o.
2, 5, 1873
Let i(x) = -11*x**3 - x + 2. Let p be i(-2). Let j = 610 - p. List the prime factors of j.
2, 7, 37
Let v(n) = 151*n + 86. Let g be v(5). Let x = -258 + g. What are the prime factors of x?
11, 53
Let q = 5 + -44. Let o be (-1946)/(-26) - 6/q. Let j = o - -61. List the prime factors of j.
2, 17
Suppose 2*q = 5*t + 30160, -q - 2*q + 45230 = -5*t. List the prime factors of q.
2, 5, 11, 137
Suppose -2*g + 4*v + 4452 = 0, 2*g - 4*v = -7*v + 4473. Suppose 3*h - g = -3*w, -3*w - 20*h = -19*h - 2236. What are the prime factors of w?
2, 373
Let i = -98 + 60. Let b = 33 + i. What are the prime factors of (2/b)/(0 + (-6)/2430)?
2, 3
Let i(p) = -9*p + 1 + p**3 + 4*p**2 + 5*p + 9*p. Let l be i(-2). List the prime factors of (4 + -5)*(-84 - l).
83
List the prime factors of (10836/430)/((-2514)/(-8750) + (-4)/14).
2, 3, 5, 7
Suppose 12*q = -8930 + 62078. What are the prime factors of q?
43, 103
Suppose -3*u = -16*u + 780. What are the prime factors of (-2409)/(-2)*u/90?
11, 73
Let d(l) = -188*l + 1048. What are the prime factors of d(-13)?
2, 3, 97
Let h(q) be the third derivative of 0 + 0*q - 3/8*q**4 + 29*q**2 - 2/3*q**3 + 1/4*q**5. List the prime factors of h(-4).
2, 17
Let g be (2632/10 - (-13)/(-65))*2. Suppose x - g = 54. What are the prime factors of x?
2, 5, 29
Suppose 3*x = -x + 32. Suppose 286 = -6*q + x*q. Suppose -24*k = -25*k + q. What are the prime factors of k?
11, 13
Suppose 2 = n + 12. Suppose 5*x = 20, -3*k + 10 = -5*x - 30. List the prime factors of 10 + (-8)/k*n.
2, 7
Suppose 8*a = 5*q - 130004, 2*q = 5*a + 28615 + 23383. List the prime factors of q.
2, 3, 11, 197
Let w(j) = -27983*j - 1088. What are the prime factors of w(-1)?
3, 5, 11, 163
Let s = -310 - -312. Suppose s*j + 4*q - 1559 = 3*q, 0 = 5*j + 2*q - 3900. What are the prime factors of j?
2, 17, 23
Let g = 20 - 24. Let h be g + (4 - 51 - -4). Let b = h - -85. What are the prime factors of b?
2, 19
Let p(f) = 493*f**2 + 33*f + 240. List the prime factors of p(-8).
2, 7, 563
What are the prime factors of 6/(-21) + 120/(-70) - -13166?
2, 3, 1097
Let n = -56 - -56. Suppose n = -2*c - 165 + 531. Suppose 49 = -m + c. List the prime factors of m.
2, 67
Let z(l) = -153*l**3 - 3*l**2 + 91*l + 441. List the prime factors of z(-5).
2, 4759
Let q = -5009 - -11973. What are the prime factors of q?
2, 1741
Let g(h) = 40*h**2 - 199*h + 8. What are the prime factors of g(30)?
2, 23, 653
Suppose -955875 - 10448 = -25*a - 91073. List the prime factors of a.
2, 3, 5, 389
Let q be 13*-1 + 1 + 0. Let v(y) = -y**3 - 11*y**2 + 9*y + 3. Let l be v(q). List the prime factors of 6/l - 3810/(-78).
7
Let c(k) = 41*k**2 + 6*k - 34. Suppose -39 + 159 = 20*r. What are the prime factors of c(r)?
2, 739
Let x(z) = 6*z + 1 - 7*z + 2*z**2 - 2 + z**2. Let v be x(-1). Suppose -v*i + 6*h = h - 184, i - 48 = 5*h. List the prime factors of i.
2, 17
Suppose 24*p = 28*p - 12. Let l(x) = 23*x**3 - 7*x**2 - 4*x - 2. What are the prime factors of l(p)?
2, 17
Suppose 0*y - 88850 = -5*y - 3*h, -17770 = -y - 5*h. What are the prime factors of y?
2, 5, 1777
Let h be ((-5*2/4)/(-1))/((-55)/(-44)). Let t = -6 - -11. What are the prime factors of 0 + ((-100)/t)/(h/(-12))?
2, 3, 5
Let u(b) = 7*b**2 + 3*b + 2. Let w be u(2). Let l = w + 360. Let s = l - 254. List the prime factors of s.
2, 71
List the prime factors of (-28)/(-4) - -20520 - 2/(4 - 2).
2, 3, 11, 311
Suppose 12*q = 6*q + 144. Let t be (-130)/39*q/(-5). Let k(w) = 2*w**2 - 29*w. List the prime factors of k(t).
2, 3
Let t(f) = 16*f - 68. Suppose -5*o + 137 = -538. Let j = o - 121. List the prime factors of t(j).
2, 3, 13
Let n(g) = -18*g**3 + 4*g**2 - 187*g - 46. What are the prime factors of n(-10)?
2, 79
Suppose -11928 = -32*d + 393059 - 60539. List the prime factors of d.
2, 3, 13, 23
Let w = -5 + 12. Suppose 0 = w*n - 3*n + 8, 4*n = -4*x + 8. Suppose -3*p = 3*f - 252, p + p - 328 = -x*f. List the prime factors of f.
2, 5
Suppose 35*m - 34*m - 394 = -5*s, 4*s - 3*m - 319 = 0. Suppose s*c - 81*c = -2528. What are the prime factors of c?
2, 79
List the prime factors of 344/6*(-1710)/(-76).
2, 3, 5, 43
Suppose -38523 + 3694 = -f - 3*q, -f - 2*q + 34837 = 0. What are the prime factors of f?
7, 13, 383
Let k be 178/4 + (-27)/18. Let t = k + -43. Suppose 3*b + y - 62 = 0, t = 2*b - 7*y + 3*y - 18. What are the prime factors of b?
19
Suppose -5*d + 5*a = -10, 3*d - d - a - 6 = 0. Suppose 0 = -d*w + 14*w - 250. Suppose w*l = 24*l + 35. List the prime factors of l.
5, 7
Let p = 5064 + -2687. Suppose 43*z = p + 31636. List the prime factors of z.
7, 113
Suppose l - 47 = x + 8086, 2*x - 16254 = -2*l. Suppose -l = 35*z - 50*z. List the prime factors of z.
2, 271
Let j = 6621 + -2823. What are the prime factors of j?
2, 3, 211
Suppose -83*x = -82*x - 4. Suppose s - 4*s + 1033 = g, 4092 = 4*g + x*s. What are the prime factors of g?
2, 509
Suppose 40 = 5*v + 3*v. Suppose